0 + -9 - -10).
13
(0 - 6 - ((0 - (19 - 8)) + 13)) + 95
87
Calculate 75 - (70 - -15) - (1 - 41).
30
(-22 + -6 - 6) + (-60 - -61) - -11
-22
What is 107 + (-13 - (-1 - 1) - (19 - 39 - -18))?
98
Evaluate -62 - -24 - 48 - -92.
6
What is the value of 169 - 303 - (1 + -151)?
16
What is the value of -86 + (-24 - (14 + 8)) + 33?
-99
What is the value of -314 + 260 + (2 - -17) + -4 - (13 - -1)?
-53
Evaluate 2 + -2 + (-5 - -4) + 4 - 1.
2
What is the value of -51 + (-53 - 14 - (9 - 36))?
-91
What is -5 + -42 + -11 + 20 + 2 + 10?
-26
Calculate -7 - (11 - (-57 - 6)).
-81
What is 12 + (-48 + (-5 - -21) - 20)?
-40
(-6 - 2) + (20 - 15) + -1 + 1
-3
Evaluate 3 + (18 - (9 + 4)) + 9 - -4.
21
Calculate 37 - ((-11 - -16) + -2) - 0.
34
Evaluate -28 + 17 + -25 + -141 + 180.
3
What is the value of (26 - 23) + -1 + 8 + 15 + 20 + -148?
-103
Calculate 13 + -4 + -6 - (11 - (15 - -10)).
17
5 + -51 + 9 + -22 + 16
-43
What is the value of 1 + -1 - (-28 + -56 + 80 + -1 + 2)?
3
What is the value of 1 + 1 + (-100 - -18 - -136)?
56
8 - (34 + (-36 - -66))
-56
Calculate (32 - 30) + 1 + -15 + 22.
10
What is (-7 - (-2 + 1)) + 9914 + -9891?
17
What is the value of 31 + 2 - (-37 + (49 - 26) + 2)?
45
8 + -65 + 33 + 9 - (-75 - 0)
60
-261 + 246 + (-4 + 7 - -1)
-11
Evaluate 11 - (-122 + 9 + 36).
88
0 + 65 + -16 + 50 + -4 + -37
58
-21 - (-31 + (-22 - -78)) - 37
-83
What is -268 + 534 + -251 - (-4 + 2 + -1 + 46)?
-28
Calculate 7 + (2 - 12 - (-4 + 5 + 0)) + 50.
46
What is (-5 - (10 - (-2 - -11) - 15)) + (-12 - -5)?
2
-12 + 1 + (34 - (37 + -10))
-4
What is -33 + (20 - (-30 + 34))?
-17
Calculate (-2 - 25) + -2 - (-153 + 170).
-46
Calculate 14 + (9 - 2 - 11) + 56.
66
-58 + 14 + (30 - (9 - -28)) + 0 + -1
-52
Evaluate 132 - 131 - (-2 + -93 + 15 + 8 + -16).
89
What is -160 + 25 - -30 - -129?
24
(9 - (-4 - -1)) + -43 + -10
-41
-48 + -15 - -32 - -4
-27
What is the value of -8 - (-1 + 16 - (296 - 277)) - -55?
51
What is (19 - (29 + -17)) + -5 + 10 + -2?
10
What is the value of 1 - 7 - (-58 + 109 + -46 + 39)?
-50
What is the value of 48 + (69 - 59) + -18?
40
What is the value of 195 - 231 - (12 - -57)?
-105
-25 + 12 + 1 + (19 - 10) + (24 - -2)
23
Evaluate (-9 - (-6 - 92)) + (8 - -2 - 18).
81
Evaluate (5 - 4) + (-45 - 0) - (-83 - -83).
-44
Evaluate -287 - -349 - (-17 + -7 - 1).
87
Calculate (-3 - (1 - (3 - -4))) + -5 + 23 + -9.
12
Evaluate 495 + -654 - (-78 + 1).
-82
Calculate -47 + 10 - -82 - 8 - 25.
12
What is the value of 9 - (46 + -52 - -15 - (2 + -9))?
-7
What is 1 + -1 + 36 + (17 + -11 - -10)?
52
Calculate -17 + (49 - (2 - -19)) - 69.
-58
Calculate 19 - (-26 + 58 - -35).
-48
What is the value of (-1 - 1) + -4 - ((75 - -10) + (115 - 124))?
-82
Evaluate (-1 - 3) + (-65 + 81 - -3) - 2.
13
What is 15 + (-17 - -9) + -11 + -12?
-16
What is the value of -66 - (-107 + 84 + -59)?
16
What is the value of -289 + (-328 - -657) - (0 + -2)?
42
147 + (-20 - 15) - 2
110
What is 21 + -46 - -81 - (2 + 1 - 9)?
62
What is 2 + -22 + 89 + -72 + (0 - -50)?
47
What is -1 - (138 + -13 - 56)?
-70
What is the value of 7 + (230 - 235 - (0 - (66 - 6)))?
62
23 + -17 - ((16 - 61) + 16)
35
What is -2 + -2 + -35 + (-17 + -2 - (19 + -31))?
-46
What is the value of 23 + (-5 - 1) + 2 + (129 - 193)?
-45
What is 34 - (0 + 10 + -23 + 44 + -30)?
33
(-1 - 17) + (-9 - -6 - 6) + 20 - -12
5
Calculate 2 + (-1 - -11) + (5789 - 5894).
-93
Calculate 34 + (-26 - -49) + -27 - -8.
38
What is the value of (-9 - (11 + 0)) + (0 - -3) + 7?
-10
16 + (9 - -6) + -24 + (51 - -1)
59
(-9 - (9 + 3 + -16 + 5)) + -19
-29
-60 + 1 + -3265 + 3394
70
-26 - (38 - (-5 + 26))
-43
Calculate 454 + -513 + 173 + 8.
122
18 + (25 - 39) + 2 + 0 + 0 + -56
-50
(-154 - -173) + 134 + 0 + -17
136
What is the value of 13 + (-8 - (-4 - 0)) + 0 + -8 + 69?
70
Evaluate 15 + (1 - 0) - (19001 - 18963) - -126.
104
Evaluate (-20 - -113) + -14 - (-11 + -10 + 21).
79
Evaluate ((-16 - (-41 + 19)) + 0 + -5 - -4) + -5.
0
What is (-3 - 12) + (53 - 0 - 24) - 63?
-49
Evaluate -27 + -111 + 159 + (51 - -2).
74
(6 - (-1 + -5 + 0 - (-22 + 21))) + 24
35
9 + (0 - (63 - 59))
5
What is -171 + 187 + (33 - -2) + 3 + 0?
54
Evaluate 29 - 142 - -109 - (13 - 1).
-16
(0 - 41) + 52 - (12 - 63)
62
What is the value of 1 + (2 - 2 - (48 + -42)) + (13 - 1)?
7
What is -17 - -19 - 0 - -11 - -7?
20
What is the value of (-8 - (-35 - -2)) + (-302 - -266)?
-11
670 - 686 - (-24 + 0 + 1)
7
Evaluate (5 + -3 - -7) + (4 - 32) + 8 + -8.
-19
Evaluate (8 - 5 - 9) + ((-9 - -13) + 8 - 9).
-3
Calculate -6 + -11 + 10 - (-10 - (-48 + (6 - 10))).
-49
Calculate 68 - (57 - -7) - 5.
-1
What is -33 - -16 - (-40 + (-31 - -64))?
-10
(-86 - (-2 - 68)) + 27
11
Evaluate -23 + (1 - 2) + (162 - 172).
-34
What is the value of (3 - (-1 + 4 + 5)) + 29 - (0 - -9)?
15
What is 9 + -9 + -9 - (-73 + 97)?
-33
Calculate (13 - 15) + 0 + -1 + -36.
-39
What is the value of 4 - (-10 - (11 + -17) - (-9 + 4)) - 27?
-24
What is the value of (-84 + 151 - 77) + -82?
-92
What is the value of 26 - (-1 + -3) - (-260 - -209)?
81
What is the value of -29 + (-57 - -61 - -48)?
23
-386 - -430 - (2 + 31)
11
What is 0 - (3 - (13 - 0) - (-661 - -685))?
34
8 + 0 + -3 + (-7 - -6) + (-2488 - -2489)
5
-25 + 1 + -2 - ((1 - 1) + 361 + -364)
-23
Evaluate 202 + -200 - (-10 - -1 - (47 + 5)).
63
-406 + 319 - (8 - 57)
-38
What is the value of 22 + 4 + -15 + -175 + 101?
-63
Evaluate 1 - (5 + 1) - (544 - 566) - (-29 + 20).
26
75 - (-144 - -128 - 21)
112
Calculate -30 + -72 + 35 + 29 + 12.
-26
Evaluate -37 + 61 - (-32 - -54).
2
Calculate -22 - ((-16 + 17 - (-7 + 2)) + -9).
-19
Calculate -2 + -84 - (-47 - 1 - -27).
-65
Evaluate -837 + 1026 - (91 + -3).
101
(102 - 95 - (4 + 6)) + (2 - (34 + 1))
-36
What is the value of 3 + -3 + 6 + 2 - (25 + -39)?
22
What is the value of 0 + -1 + (1326 - 1343)?
-18
Evaluate -26 + -5 + (-5 - 12) + 14 - -12.
-22
Evaluate 13 + 5 + -12 + 56 + 19 - 16.
65
What is -1 + 4 - (-25 - ((-32 - -24) + -6))?
14
Evaluate 12 + (-29 - -6) - (-40 - -1 - 7).
35
Calculate 95 + (-25 - 115) - (3 - -2).
-50
Evaluate (-9 - (10 + -102 + 20 + -6)) + (0 - 0).
69
(-135 - -186 - 171) + 9
-111
What is the value of (36 - (22 - (-3 - 9))) + -113?
-111
What is the value of -27 + 41 - (-3 - -7) - -9?
19
Calculate -167 + (187 - 74) + -36 + -2.
-92
What is the value of (2 + -2 - -50) + 1 + (-20 - 4 - -14)?
41
Evaluate -7 + (13 + -12 - 11) - -8 - -47.
38
(-23 - 0 - 2) + (-31 - -25 - -6)
-25
What is the value of -104 + (117 - (60 + 10))?
-57
Calculate (-32 - (43 + -89)) + 29.
43
What is (2 + 2 - -1) + -37 + 16 + 26?
10
What is 125 - (7 + (12 - (49 - 23)))?
132
Evaluate -76 + -30 + (-132 + 148 - (7 + -3)).
-94
What is (-80 - -29) + 45 + -27?
-33
What is the value of -5 + (-2 + -2 - (-19 - (-20 - (-8 - -2))))?
-4
What is the value of 1 + -22 - (-63 - (-6 - 91))?
-55
What is the value of (10 - (4 - (-14 - -6))) + -1 + -13?
-16
Calculate (-60 - 9) + -540 + 552.
-57
What is -12 - (28 - 63) - 13?
10
11 + (-100 - (-62 + 19)) + 0 + 1 + -12
-57
Calculate (2 - (-6 - -2)) + -24 + -5 + 1.
-22
What is the value of -2 + 25 + (-20 - -7 - (12 + -36))?
34
Evaluate (19 - (15 + -2 + 72 + 6)) + 4 + -1.
-69
What is the value of 36 - (102 + 35) - -71?
-30
Calculate -35 + (12 + 2 - (12 - 9 - -12)).
-36
Calculate (6 - 1 - (85 + -81)) + -40 + 75.
36
What is -1 + (75 - (95 + -45))?
24
Calculate 4 - (-8 + 2 + (71 - 62)).
1
(-14 + 4 - -2 - 12) + -29
-49
Calculate -26 - (-14 - (-8 - (1 - -13))).
-34
What is the value of 260 + -265 + (3 - 2) - -67?
63
What is the value of (172 - 211) + (9 - -2)?
-28
Calculate 92 - 1 - (-4500 + 4548).
43
Evaluate -24 + (29 - -11 - 11) - (1 + -16).
20
Evaluate (2 - (6 + (-11 - (-3 - -4)))) + 3 - -18.
29
Calculate -8 - ((-38 - 39) + 18 + 5 + -12).
58
Evaluate -74 - (-10 + (-125 - -68)).
-7
What is the value of (-23 - -2 - -1) + (128 - (-70 + 76))?
102
Evaluate 128 - 135 - (-17 + 13).
-3
What is (-18 + 12 + 3 + 5 - -2) + -1 - 11?
-8
What is the value of -47 + (-46 + 47 - (-9 - 0)) + -13 + 11?
-39
What is the value of -4 + (3 + -22 - -9) + 32 + 4?
22
What is the value of -12 + -1 - (-104 + (125 - 49))?
15
Evaluate -6 + 66 + (-33 - (15 + -21)).
33
What is (-63 + -3 - 2) + (-15 - 10) + -32 + 72?
-53
Evaluate 1 + 102 + (-10574 - -10537).
66
Calculate -11149 - -11252 - (-16 - 2).
121
Calculate 74 + -2 + (-33 + 79 - 76).
42
What is the value of -13 + 3 + 101 - (-7 + 23 + -6)?
81
What is 55 + 66 